{"id":1043,"date":"2021-01-08T15:07:52","date_gmt":"2021-01-08T15:07:52","guid":{"rendered":"https:\/\/pksw.ch\/?page_id=1043"},"modified":"2021-01-08T15:07:52","modified_gmt":"2021-01-08T15:07:52","slug":"winti-seniorinnen-senioren","status":"publish","type":"page","link":"https:\/\/pksw.ch\/index.php\/winti-seniorinnen-senioren\/","title":{"rendered":"Winti Seniorinnen &#038; Senioren"},"content":{"rendered":"\n<p>Der Eintritt in den Ruhestand ist ein bedeutungsvoller Meilenstein im Leben. <br>Mit dem Ausscheiden aus dem Berufsleben gehen auch viele Kontakte verloren &#8211; Kontakte, die man teilweise \u00fcber Jahre gepflegt hat. <br>Im Rahmen des Vereins &#171;Club der Seniorinnen und Senioren der Stadtverwaltung Winterthur&#187; k\u00f6nnen solche Kontakte weitergepflegt und im Rahmen verschiedenster Aktivit\u00e4ten sogar ausgebaut werden. <br><br>Ausf\u00fchrliche Infos finden Sie <a href=\"https:\/\/www.winti-senioren.ch\/\">hier<\/a>. <\/p>\n","protected":false},"excerpt":{"rendered":"<p>Der Eintritt in den Ruhestand ist ein bedeutungsvoller Meilenstein im Leben. Mit dem Ausscheiden aus dem Berufsleben gehen auch viele Kontakte verloren [&hellip;]<\/p>\n","protected":false},"author":3,"featured_media":0,"parent":0,"menu_order":0,"comment_status":"closed","ping_status":"closed","template":"","meta":{"_acf_changed":false,"footnotes":""},"class_list":["post-1043","page","type-page","status-publish","hentry"],"acf":[],"featured_image_urls_v2":{"full":"","thumbnail":"","medium":"","medium_large":"","large":"","1536x1536":"","2048x2048":"","small-thumbnail":"","square-thumbnail":"","banner-image":"","mailpoet_newsletter_max":""},"post_excerpt_stackable_v2":"<p>Der Eintritt in den Ruhestand ist ein bedeutungsvoller Meilenstein im Leben. Mit dem Ausscheiden aus dem Berufsleben gehen auch viele Kontakte verloren &#8211; Kontakte, die man teilweise \u00fcber Jahre gepflegt hat. Im Rahmen des Vereins &#171;Club der Seniorinnen und Senioren der Stadtverwaltung Winterthur&#187; k\u00f6nnen solche Kontakte weitergepflegt und im Rahmen verschiedenster Aktivit\u00e4ten sogar ausgebaut werden. Ausf\u00fchrliche Infos finden Sie hier.<\/p>\n","category_list_v2":"","author_info_v2":{"name":"Seraina Bossi","url":"https:\/\/pksw.ch\/index.php\/author\/pksw\/"},"comments_num_v2":"0 comments","_links":{"self":[{"href":"https:\/\/pksw.ch\/index.php\/wp-json\/wp\/v2\/pages\/1043","targetHints":{"allow":["GET"]}}],"collection":[{"href":"https:\/\/pksw.ch\/index.php\/wp-json\/wp\/v2\/pages"}],"about":[{"href":"https:\/\/pksw.ch\/index.php\/wp-json\/wp\/v2\/types\/page"}],"author":[{"embeddable":true,"href":"https:\/\/pksw.ch\/index.php\/wp-json\/wp\/v2\/users\/3"}],"replies":[{"embeddable":true,"href":"https:\/\/pksw.ch\/index.php\/wp-json\/wp\/v2\/comments?post=1043"}],"version-history":[{"count":1,"href":"https:\/\/pksw.ch\/index.php\/wp-json\/wp\/v2\/pages\/1043\/revisions"}],"predecessor-version":[{"id":1044,"href":"https:\/\/pksw.ch\/index.php\/wp-json\/wp\/v2\/pages\/1043\/revisions\/1044"}],"wp:attachment":[{"href":"https:\/\/pksw.ch\/index.php\/wp-json\/wp\/v2\/media?parent=1043"}],"curies":[{"name":"wp","href":"https:\/\/api.w.org\/{rel}","templated":true}]}}