{"id":1254,"date":"2021-01-26T15:51:02","date_gmt":"2021-01-26T15:51:02","guid":{"rendered":"https:\/\/pksw.ch\/?page_id=1254"},"modified":"2021-03-19T09:35:45","modified_gmt":"2021-03-19T09:35:45","slug":"externe-beratung-der-anlagekommission","status":"publish","type":"page","link":"https:\/\/pksw.ch\/index.php\/externe-beratung-der-anlagekommission\/","title":{"rendered":"Externe Beratung"},"content":{"rendered":"\n<p>PensionTools GmbH<br>Markus Schneider<br>Dipl. Phys. ETH \/ Exec. MBA HSG<br>Galtbergstrasse 1A<br>CH-8625 Gossau<br><a href=\"http:\/\/www.pensiontools.ch\">www.pensiontools.ch<\/a><\/p>\n\n\n\n<p><strong><span style=\"color: #000000;\" class=\"ugb-highlight\">Aufgaben Externes Investment Consulting und externe Fachberater<\/span><\/strong><br>Die Anlaget\u00e4tigkeit der Pensionskasse kann von externen Investment Consultants und Fachberatern unterst\u00fctzt werden. Externe Consultants k\u00f6nnen vom Stiftungsrat als beratende Mitglieder der Anlagekommission mit oder ohne Stimmrecht bestimmt werden. Die Zusammenarbeit mit externen Fachberatern wird in einem Umsetzungskonzept geregelt. Die externen Fachberater werden von der Anlagekommission bzw. vom Leiter Verm\u00f6gensanlagen bei Bedarf beigezogen, beispielsweise zwecks:<\/p>\n\n\n\n<ul class=\"wp-block-list\" type=\"a\"><li>Durchf\u00fchrung der Due Diligence und Managerausschreibungen<\/li><li>Erstellen von Marktanalysen<\/li><li>Monitoring der Manager<\/li><li>Empfehlungen f\u00fcr Stimmrechtsaus\u00fcbung<\/li><\/ul>\n","protected":false},"excerpt":{"rendered":"<p>PensionTools GmbHMarkus SchneiderDipl. Phys. ETH \/ Exec. MBA HSGGaltbergstrasse 1ACH-8625 Gossauwww.pensiontools.ch Aufgaben Externes Investment Consulting und externe FachberaterDie Anlaget\u00e4tigkeit der Pensionskasse kann [&hellip;]<\/p>\n","protected":false},"author":3,"featured_media":0,"parent":0,"menu_order":0,"comment_status":"closed","ping_status":"closed","template":"","meta":{"_acf_changed":false,"footnotes":""},"class_list":["post-1254","page","type-page","status-publish","hentry"],"acf":[],"featured_image_urls_v2":{"full":"","thumbnail":"","medium":"","medium_large":"","large":"","1536x1536":"","2048x2048":"","small-thumbnail":"","square-thumbnail":"","banner-image":"","mailpoet_newsletter_max":""},"post_excerpt_stackable_v2":"<p>PensionTools GmbHMarkus SchneiderDipl. Phys. ETH \/ Exec. MBA HSGGaltbergstrasse 1ACH-8625 Gossauwww.pensiontools.ch Aufgaben Externes Investment Consulting und externe FachberaterDie Anlaget\u00e4tigkeit der Pensionskasse kann von externen Investment Consultants und Fachberatern unterst\u00fctzt werden. Externe Consultants k\u00f6nnen vom Stiftungsrat als beratende Mitglieder der Anlagekommission mit oder ohne Stimmrecht bestimmt werden. Die Zusammenarbeit mit externen Fachberatern wird in einem Umsetzungskonzept geregelt. Die externen Fachberater werden von der Anlagekommission bzw. vom Leiter Verm\u00f6gensanlagen bei Bedarf beigezogen, beispielsweise zwecks: Durchf\u00fchrung der Due Diligence und ManagerausschreibungenErstellen von MarktanalysenMonitoring der ManagerEmpfehlungen f\u00fcr Stimmrechtsaus\u00fcbung<\/p>\n","category_list_v2":"","author_info_v2":{"name":"Seraina Bossi","url":"https:\/\/pksw.ch\/index.php\/author\/pksw\/"},"comments_num_v2":"0 comments","_links":{"self":[{"href":"https:\/\/pksw.ch\/index.php\/wp-json\/wp\/v2\/pages\/1254","targetHints":{"allow":["GET"]}}],"collection":[{"href":"https:\/\/pksw.ch\/index.php\/wp-json\/wp\/v2\/pages"}],"about":[{"href":"https:\/\/pksw.ch\/index.php\/wp-json\/wp\/v2\/types\/page"}],"author":[{"embeddable":true,"href":"https:\/\/pksw.ch\/index.php\/wp-json\/wp\/v2\/users\/3"}],"replies":[{"embeddable":true,"href":"https:\/\/pksw.ch\/index.php\/wp-json\/wp\/v2\/comments?post=1254"}],"version-history":[{"count":2,"href":"https:\/\/pksw.ch\/index.php\/wp-json\/wp\/v2\/pages\/1254\/revisions"}],"predecessor-version":[{"id":1398,"href":"https:\/\/pksw.ch\/index.php\/wp-json\/wp\/v2\/pages\/1254\/revisions\/1398"}],"wp:attachment":[{"href":"https:\/\/pksw.ch\/index.php\/wp-json\/wp\/v2\/media?parent=1254"}],"curies":[{"name":"wp","href":"https:\/\/api.w.org\/{rel}","templated":true}]}}