{"id":2899,"date":"2023-05-26T07:29:42","date_gmt":"2023-05-26T07:29:42","guid":{"rendered":"https:\/\/pksw.ch\/?page_id=2899"},"modified":"2026-02-12T10:18:15","modified_gmt":"2026-02-12T10:18:15","slug":"pksw-in-den-medien","status":"publish","type":"page","link":"https:\/\/pksw.ch\/index.php\/pksw-in-den-medien\/","title":{"rendered":"PKSW in den Medien"},"content":{"rendered":"\n<p>Hier finden Sie ausgew\u00e4hlte Berichte von oder \u00fcber die PKSW in den Medien. <br>Wir w\u00fcnschen Ihnen eine spannende Lekt\u00fcre! <\/p>\n\n\n\n<p><span style=\"color: #abb8c3;\" class=\"stk-highlight\">12. Februar 2026<\/span><br><strong><span style=\"color: #0f0e17;\" class=\"stk-highlight\">Schweizer Personalvorsorge 01\/2026<\/span><\/strong><br>Die &#171;goldene Regel&#187; der Zukunft<br><strong>><\/strong> <a href=\"https:\/\/pksw.ch\/wp-content\/uploads\/2026\/02\/SPV0126_Aktuell_Keller.pdf\" target=\"_blank\" rel=\"noreferrer noopener\">Kommentar von Stephan Keller<\/a><\/p>\n\n\n\n<p><span style=\"color: #abb8c3;\" class=\"stk-highlight\">1. September 2025<\/span><br><strong><span style=\"color: #000000;\" class=\"stk-highlight\">Schweizer Personalvorsorge 09 \/ 2025<\/span><\/strong><br>Deckungsgrad: in Celsius oder Fahrenheit?<br><strong>&gt;<\/strong> <a href=\"https:\/\/pksw.ch\/wp-content\/uploads\/2025\/09\/kommentar_keller-spv-9_25.pdf\" data-type=\"attachment\" data-id=\"17541\" target=\"_blank\" rel=\"noreferrer noopener\">Kommentar von Stephan Keller<\/a><\/p>\n\n\n\n<p><span style=\"color: #abb8c3;\" class=\"stk-highlight\">15. Mai 2025<\/span><br><strong><span style=\"color: #000000;\" class=\"stk-highlight\">Schweizer Personalvorsorge 05 \/ 2025<\/span><\/strong><br>BVG-Reform dank 6 und 6 AHV-Lohnprozenten?<br><strong>&gt;<\/strong> <a href=\"https:\/\/pksw.ch\/wp-content\/uploads\/2025\/05\/SPV0525_Aktuell_Keller.pdf\" data-type=\"attachment\" data-id=\"17388\" target=\"_blank\" rel=\"noreferrer noopener\">Kommentar von Stephan Keller<\/a><\/p>\n\n\n\n<p><span style=\"color: #abb8c3;\" class=\"stk-highlight\">4. Februar 2025<\/span><br><strong><span style=\"color: #000000;\" class=\"stk-highlight\">Schweizer Personalvorsorge 01 \/ 2025<\/span><\/strong><br>D\u00f6rfs es bitzli meh (oder weniger) sy?<br><strong>&gt;<\/strong> <a href=\"https:\/\/pksw.ch\/wp-content\/uploads\/2025\/02\/Kommentar_SPV_2025.pdf\" target=\"_blank\" rel=\"noreferrer noopener\">Kommentar von Stephan Keller<\/a><\/p>\n\n\n\n<p><span style=\"color: #abb8c3;\" class=\"stk-highlight\">4. September 2024<\/span><br><strong><span style=\"color: #000000;\" class=\"stk-highlight\">Schweizer Personalvorsorge 09 \/ 2024<\/span><\/strong><br>VPOD und SVP ziehen am gleichen Strick&#8230;<br><strong>&gt;<\/strong> <a href=\"https:\/\/pksw.ch\/wp-content\/uploads\/2024\/10\/SPV_September_2024_Kommentar_kest.pdf\" target=\"_blank\" rel=\"noreferrer noopener\">Kommentar von Stephan Keller<\/a><\/p>\n\n\n\n<p><span style=\"color: #abb8c3;\" class=\"stk-highlight\">15. Juni 2024<\/span><br><strong><span style=\"color: #000000;\" class=\"stk-highlight\">Der Landbote<\/span><\/strong><br>Pensionskasse verleiht Millionen an Banken und Hausbesitzer <br><strong>&gt;<\/strong> <a href=\"https:\/\/www.landbote.ch\/nach-volks-ja-pensionskasse-verleiht-millionen-an-banken-und-hausbesitzer-663872740408\" target=\"_blank\" rel=\"noreferrer noopener\">Online Beitrag<\/a><br><strong>&gt;<\/strong> <a href=\"https:\/\/pksw.ch\/wp-content\/uploads\/2024\/07\/Seite_3_Der_Landbote_2024-06-15.pdf\" target=\"_blank\" rel=\"noreferrer noopener\">Print<\/a><\/p>\n\n\n\n<p><span style=\"color: #abb8c3;\" class=\"stk-highlight\">2. Mai 2024<\/span><br><strong><span style=\"color: #000000;\" class=\"stk-highlight\">Schweizer Personalvorsorge 05 \/ 2024<\/span><\/strong><br>ESG: Tue Gutes und rede dar\u00fcber<br><strong>&gt;<\/strong> <a href=\"https:\/\/pksw.ch\/wp-content\/uploads\/2024\/07\/Keller_SPV_2024_05_Kommentar.pdf\" target=\"_blank\" rel=\"noreferrer noopener\">Kommentar von Stephan Keller<\/a><\/p>\n\n\n\n<p><span style=\"color: #abb8c3;\" class=\"stk-highlight\">21. Februar 2024<\/span><br><strong><span style=\"color: #000000;\" class=\"stk-highlight\">Schweizer Personalvorsorge 01 \/ 2024<\/span><\/strong><br>AGBR &#8211; die Renaissance des Tausendsassas <br><strong>&gt;<\/strong> <a href=\"https:\/\/pksw.ch\/wp-content\/uploads\/2024\/02\/SPV_01_2024_Keller_Kommentar.pdf\" target=\"_blank\" rel=\"noreferrer noopener\">Kommentar von Stephan Keller<\/a><\/p>\n\n\n\n<p><span style=\"color: #abb8c3;\" class=\"stk-highlight\">7. November 2023<\/span><br><strong><span style=\"color: #000000;\" class=\"stk-highlight\">Neues Sanierungsmodell f\u00fcr Winterthurer Pensionskasse<\/span><\/strong><br>Audiobeitrag von SRF (Regionaljournal Z\u00fcrich \/ Schaffhausen) <br><strong>&gt;<\/strong> <a href=\"https:\/\/www.srf.ch\/audio\/regionaljournal-zuerich-schaffhausen\/neues-sanierungsmodell-fuer-winterthurer-pensionskasse?id=12483684\" target=\"_blank\" rel=\"noreferrer noopener\">Link<\/a> <\/p>\n\n\n\n<p><span style=\"color: #abb8c3;\" class=\"stk-highlight\">22. September 2023<\/span><br><strong><span style=\"color: #000000;\" class=\"stk-highlight\">Schweizer Personalvorsorge 09 \/ 2023<\/span><\/strong><br>&#171;Bi eus wird de Kafi au t\u00fcrer, im Fall!&#187; <br><strong>&gt;<\/strong> <a rel=\"noreferrer noopener\" href=\"https:\/\/pksw.ch\/wp-content\/uploads\/2023\/11\/SPV_09_2023_Keller_Kommentar.pdf\" data-type=\"link\" data-id=\"https:\/\/pksw.ch\/wp-content\/uploads\/2023\/11\/SPV_09_2023_Keller_Kommentar.pdf\" target=\"_blank\">Kommentar von Stephan Keller<\/a><\/p>\n\n\n\n<p><span style=\"color: #abb8c3;\" class=\"stk-highlight\">26. Mai 2023<\/span><br><strong><span style=\"color: #000000;\" class=\"stk-highlight\">Schweizer Personalvorsorge 05 \/ 2023 <\/span><\/strong><br>Erfolgsmodell Sozialpartnerschaft <br><strong>&gt;<\/strong> <a rel=\"noreferrer noopener\" href=\"https:\/\/pksw.ch\/wp-content\/uploads\/2023\/05\/Kommentar_Keller_SPV0523.pdf\" target=\"_blank\">Kommentar von Stephan Keller<\/a> <\/p>\n\n\n\n<p><span style=\"color: #abb8c3;\" class=\"stk-highlight\">16. Januar 2023<\/span><br><strong><span style=\"color: #060606;\" class=\"stk-highlight\">Schweizer Personalvorsorge 01 \/ 2023<\/span><\/strong><br>Vorsorge? Vorausschau!<br><strong>&gt;<\/strong> <a rel=\"noreferrer noopener\" href=\"https:\/\/pksw.ch\/wp-content\/uploads\/2023\/05\/Vorsorge_Vorausschau_SPV_01_2023.pdf\" target=\"_blank\">Kommentar von Stephan Keller<\/a><\/p>\n","protected":false},"excerpt":{"rendered":"<p>Hier finden Sie ausgew\u00e4hlte Berichte von oder \u00fcber die PKSW in den Medien. Wir w\u00fcnschen Ihnen eine spannende Lekt\u00fcre! 12. Februar 2026Schweizer [&hellip;]<\/p>\n","protected":false},"author":3,"featured_media":0,"parent":0,"menu_order":0,"comment_status":"closed","ping_status":"closed","template":"","meta":{"_acf_changed":false,"footnotes":""},"class_list":["post-2899","page","type-page","status-publish","hentry"],"acf":[],"featured_image_urls_v2":{"full":"","thumbnail":"","medium":"","medium_large":"","large":"","1536x1536":"","2048x2048":"","small-thumbnail":"","square-thumbnail":"","banner-image":"","mailpoet_newsletter_max":""},"post_excerpt_stackable_v2":"<p>Hier finden Sie ausgew\u00e4hlte Berichte von oder \u00fcber die PKSW in den Medien. Wir w\u00fcnschen Ihnen eine spannende Lekt\u00fcre! 12. Februar 2026Schweizer Personalvorsorge 01\/2026Die &#171;goldene Regel&#187; der Zukunft> Kommentar von Stephan Keller 1. September 2025Schweizer Personalvorsorge 09 \/ 2025Deckungsgrad: in Celsius oder Fahrenheit?&gt; Kommentar von Stephan Keller 15. Mai 2025Schweizer Personalvorsorge 05 \/ 2025BVG-Reform dank 6 und 6 AHV-Lohnprozenten?&gt; Kommentar von Stephan Keller 4. Februar 2025Schweizer Personalvorsorge 01 \/ 2025D\u00f6rfs es bitzli meh (oder weniger) sy?&gt; Kommentar von Stephan Keller 4. September 2024Schweizer Personalvorsorge 09 \/ 2024VPOD und SVP ziehen am gleichen Strick&#8230;&gt; Kommentar von Stephan Keller 15. Juni 2024Der&hellip;<\/p>\n","category_list_v2":"","author_info_v2":{"name":"Seraina Bossi","url":"https:\/\/pksw.ch\/index.php\/author\/pksw\/"},"comments_num_v2":"0 comments","_links":{"self":[{"href":"https:\/\/pksw.ch\/index.php\/wp-json\/wp\/v2\/pages\/2899","targetHints":{"allow":["GET"]}}],"collection":[{"href":"https:\/\/pksw.ch\/index.php\/wp-json\/wp\/v2\/pages"}],"about":[{"href":"https:\/\/pksw.ch\/index.php\/wp-json\/wp\/v2\/types\/page"}],"author":[{"embeddable":true,"href":"https:\/\/pksw.ch\/index.php\/wp-json\/wp\/v2\/users\/3"}],"replies":[{"embeddable":true,"href":"https:\/\/pksw.ch\/index.php\/wp-json\/wp\/v2\/comments?post=2899"}],"version-history":[{"count":25,"href":"https:\/\/pksw.ch\/index.php\/wp-json\/wp\/v2\/pages\/2899\/revisions"}],"predecessor-version":[{"id":17716,"href":"https:\/\/pksw.ch\/index.php\/wp-json\/wp\/v2\/pages\/2899\/revisions\/17716"}],"wp:attachment":[{"href":"https:\/\/pksw.ch\/index.php\/wp-json\/wp\/v2\/media?parent=2899"}],"curies":[{"name":"wp","href":"https:\/\/api.w.org\/{rel}","templated":true}]}}

<p>Hier finden Sie ausgewählte Berichte von oder über die PKSW in den Medien. <br>Wir wünschen Ihnen eine spannende Lektüre! </p>



<p><span style="color: #abb8c3;" class="stk-highlight">12. Februar 2026</span><br><strong><span style="color: #0f0e17;" class="stk-highlight">Schweizer Personalvorsorge 01/2026</span></strong><br>Die &#171;goldene Regel&#187; der Zukunft<br><strong>></strong> <a href="https://pksw.ch/wp-content/uploads/2026/02/SPV0126_Aktuell_Keller.pdf" target="_blank" rel="noreferrer noopener">Kommentar von Stephan Keller</a></p>



<p><span style="color: #abb8c3;" class="stk-highlight">1. September 2025</span><br><strong><span style="color: #000000;" class="stk-highlight">Schweizer Personalvorsorge 09 / 2025</span></strong><br>Deckungsgrad: in Celsius oder Fahrenheit?<br><strong>&gt;</strong> <a href="https://pksw.ch/wp-content/uploads/2025/09/kommentar_keller-spv-9_25.pdf" data-type="attachment" data-id="17541" target="_blank" rel="noreferrer noopener">Kommentar von Stephan Keller</a></p>



<p><span style="color: #abb8c3;" class="stk-highlight">15. Mai 2025</span><br><strong><span style="color: #000000;" class="stk-highlight">Schweizer Personalvorsorge 05 / 2025</span></strong><br>BVG-Reform dank 6 und 6 AHV-Lohnprozenten?<br><strong>&gt;</strong> <a href="https://pksw.ch/wp-content/uploads/2025/05/SPV0525_Aktuell_Keller.pdf" data-type="attachment" data-id="17388" target="_blank" rel="noreferrer noopener">Kommentar von Stephan Keller</a></p>



<p><span style="color: #abb8c3;" class="stk-highlight">4. Februar 2025</span><br><strong><span style="color: #000000;" class="stk-highlight">Schweizer Personalvorsorge 01 / 2025</span></strong><br>Dörfs es bitzli meh (oder weniger) sy?<br><strong>&gt;</strong> <a href="https://pksw.ch/wp-content/uploads/2025/02/Kommentar_SPV_2025.pdf" target="_blank" rel="noreferrer noopener">Kommentar von Stephan Keller</a></p>



<p><span style="color: #abb8c3;" class="stk-highlight">4. September 2024</span><br><strong><span style="color: #000000;" class="stk-highlight">Schweizer Personalvorsorge 09 / 2024</span></strong><br>VPOD und SVP ziehen am gleichen Strick&#8230;<br><strong>&gt;</strong> <a href="https://pksw.ch/wp-content/uploads/2024/10/SPV_September_2024_Kommentar_kest.pdf" target="_blank" rel="noreferrer noopener">Kommentar von Stephan Keller</a></p>



<p><span style="color: #abb8c3;" class="stk-highlight">15. Juni 2024</span><br><strong><span style="color: #000000;" class="stk-highlight">Der Landbote</span></strong><br>Pensionskasse verleiht Millionen an Banken und Hausbesitzer <br><strong>&gt;</strong> <a href="https://www.landbote.ch/nach-volks-ja-pensionskasse-verleiht-millionen-an-banken-und-hausbesitzer-663872740408" target="_blank" rel="noreferrer noopener">Online Beitrag</a><br><strong>&gt;</strong> <a href="https://pksw.ch/wp-content/uploads/2024/07/Seite_3_Der_Landbote_2024-06-15.pdf" target="_blank" rel="noreferrer noopener">Print</a></p>



<p><span style="color: #abb8c3;" class="stk-highlight">2. Mai 2024</span><br><strong><span style="color: #000000;" class="stk-highlight">Schweizer Personalvorsorge 05 / 2024</span></strong><br>ESG: Tue Gutes und rede darüber<br><strong>&gt;</strong> <a href="https://pksw.ch/wp-content/uploads/2024/07/Keller_SPV_2024_05_Kommentar.pdf" target="_blank" rel="noreferrer noopener">Kommentar von Stephan Keller</a></p>



<p><span style="color: #abb8c3;" class="stk-highlight">21. Februar 2024</span><br><strong><span style="color: #000000;" class="stk-highlight">Schweizer Personalvorsorge 01 / 2024</span></strong><br>AGBR &#8211; die Renaissance des Tausendsassas <br><strong>&gt;</strong> <a href="https://pksw.ch/wp-content/uploads/2024/02/SPV_01_2024_Keller_Kommentar.pdf" target="_blank" rel="noreferrer noopener">Kommentar von Stephan Keller</a></p>



<p><span style="color: #abb8c3;" class="stk-highlight">7. November 2023</span><br><strong><span style="color: #000000;" class="stk-highlight">Neues Sanierungsmodell für Winterthurer Pensionskasse</span></strong><br>Audiobeitrag von SRF (Regionaljournal Zürich / Schaffhausen) <br><strong>&gt;</strong> <a href="https://www.srf.ch/audio/regionaljournal-zuerich-schaffhausen/neues-sanierungsmodell-fuer-winterthurer-pensionskasse?id=12483684" target="_blank" rel="noreferrer noopener">Link</a> </p>



<p><span style="color: #abb8c3;" class="stk-highlight">22. September 2023</span><br><strong><span style="color: #000000;" class="stk-highlight">Schweizer Personalvorsorge 09 / 2023</span></strong><br>&#171;Bi eus wird de Kafi au türer, im Fall!&#187; <br><strong>&gt;</strong> <a rel="noreferrer noopener" href="https://pksw.ch/wp-content/uploads/2023/11/SPV_09_2023_Keller_Kommentar.pdf" data-type="link" data-id="https://pksw.ch/wp-content/uploads/2023/11/SPV_09_2023_Keller_Kommentar.pdf" target="_blank">Kommentar von Stephan Keller</a></p>



<p><span style="color: #abb8c3;" class="stk-highlight">26. Mai 2023</span><br><strong><span style="color: #000000;" class="stk-highlight">Schweizer Personalvorsorge 05 / 2023 </span></strong><br>Erfolgsmodell Sozialpartnerschaft <br><strong>&gt;</strong> <a rel="noreferrer noopener" href="https://pksw.ch/wp-content/uploads/2023/05/Kommentar_Keller_SPV0523.pdf" target="_blank">Kommentar von Stephan Keller</a> </p>



<p><span style="color: #abb8c3;" class="stk-highlight">16. Januar 2023</span><br><strong><span style="color: #060606;" class="stk-highlight">Schweizer Personalvorsorge 01 / 2023</span></strong><br>Vorsorge? Vorausschau!<br><strong>&gt;</strong> <a rel="noreferrer noopener" href="https://pksw.ch/wp-content/uploads/2023/05/Vorsorge_Vorausschau_SPV_01_2023.pdf" target="_blank">Kommentar von Stephan Keller</a></p>

<p>Hier finden Sie ausgewählte Berichte von oder über die PKSW in den Medien. Wir wünschen Ihnen eine spannende Lektüre! 12. Februar 2026Schweizer [&hellip;]</p>

<p>Hier finden Sie ausgewählte Berichte von oder über die PKSW in den Medien. Wir wünschen Ihnen eine spannende Lektüre! 12. Februar 2026Schweizer Personalvorsorge 01/2026Die &#171;goldene Regel&#187; der Zukunft> Kommentar von Stephan Keller 1. September 2025Schweizer Personalvorsorge 09 / 2025Deckungsgrad: in Celsius oder Fahrenheit?&gt; Kommentar von Stephan Keller 15. Mai 2025Schweizer Personalvorsorge 05 / 2025BVG-Reform dank 6 und 6 AHV-Lohnprozenten?&gt; Kommentar von Stephan Keller 4. Februar 2025Schweizer Personalvorsorge 01 / 2025Dörfs es bitzli meh (oder weniger) sy?&gt; Kommentar von Stephan Keller 4. September 2024Schweizer Personalvorsorge 09 / 2024VPOD und SVP ziehen am gleichen Strick&#8230;&gt; Kommentar von Stephan Keller 15. Juni 2024Der&hellip;</p>
