{"id":345,"date":"2019-11-13T16:25:46","date_gmt":"2019-11-13T16:25:46","guid":{"rendered":"https:\/\/pksw.ch\/?page_id=345"},"modified":"2025-04-16T06:52:38","modified_gmt":"2025-04-16T06:52:38","slug":"pensionierung","status":"publish","type":"page","link":"https:\/\/pksw.ch\/index.php\/pensionierung\/","title":{"rendered":"Pensionierung"},"content":{"rendered":"\n<p><br><\/p>\n\n\n\n<p><strong><span style=\"color: #000000;\" class=\"ugb-highlight\">Ordentliche Pensionierung<\/span><\/strong><span style=\"color: #000000;\" class=\"ugb-highlight\"><br><\/span>Versicherte (M\u00e4nner wie Frauen) der Pensionskasse der Stadt Winterthur erreichen das ordentliche Pensionierungsalter mit 65. Eine vorzeitige Pensionierung ist ab Alter 58 m\u00f6glich. <br><strong>><\/strong> <a href=\"https:\/\/pksw.ch\/wp-content\/uploads\/2023\/04\/01_Formular_Ordentliche_Pensionierung.pdf\" target=\"_blank\" rel=\"noreferrer noopener\">Formular<\/a> <br><strong>><\/strong> <a href=\"https:\/\/pksw.ch\/wp-content\/uploads\/2023\/04\/01_Merkblatt_Ordentliche_Pensionierung.pdf\" target=\"_blank\" rel=\"noreferrer noopener\">Merkblatt<\/a><br> <br><strong><span style=\"color: #000000;\" class=\"ugb-highlight\">Vorzeitige Pensionierung<\/span><\/strong><br>Eine vorzeitige Pensionierung ist ab Alter 58 m\u00f6glich. <br>Bei einer vorzeitigen Pensionierung k\u00f6nnen Sie eine \u00dcberbr\u00fcckungsrente beziehen, welche Ihnen maximal bis zum ordentlichen AHV-Rentenalter ausbezahlt wird. Die \u00dcberbr\u00fcckungsrente kann mittels Einkauf oder durch eine lebenslange K\u00fcrzung der ordentlichen Pensionskassenrente finanziert werden. <br>F\u00fcr die st\u00e4dtische AHV-Ersatzrente gelten die personalrechtlichen Bestimmungen der Stadt. <br><strong>><\/strong> <a href=\"https:\/\/pksw.ch\/wp-content\/uploads\/2025\/03\/02_Formular_Vorzeitige_Pensionierung_0325.pdf\" target=\"_blank\" rel=\"noreferrer noopener\">Formular<\/a><br><strong>><\/strong> <a href=\"https:\/\/pksw.ch\/wp-content\/uploads\/2025\/03\/02_Merkblatt_Vorzeitige_Pensionierung_0325.pdf\" target=\"_blank\" rel=\"noreferrer noopener\">Merkblatt<\/a><br><br><strong><span style=\"color: #000000;\" class=\"ugb-highlight\">Teilpensionierung<\/span> <\/strong><br>Die Pensionierung kann in maximal drei Schritten erfolgen. Der Pensionierungsgrad und der verbleibende Besch\u00e4ftigungsgrad m\u00fcssen je mindestens 20 % eines Vollpensums entsprechen. Die Eintrittsschwelle in die Pensionskasse darf im Rahmen der Teilpensionierung nicht unterschritten werden. <br><strong>><\/strong> <a href=\"https:\/\/pksw.ch\/wp-content\/uploads\/2025\/03\/03_Formular_Teilpensionierung_0325.pdf\" target=\"_blank\" rel=\"noreferrer noopener\">Formular<\/a><br><strong>><\/strong> <a href=\"https:\/\/pksw.ch\/wp-content\/uploads\/2025\/03\/03_Merkblatt_Teilpensionierung_0325.pdf\" target=\"_blank\" rel=\"noreferrer noopener\">Merkblatt<\/a><br> <br><strong><span style=\"color: #000000;\" class=\"ugb-highlight\">Kapitalbezug<\/span><\/strong><br>Sie haben auch die M\u00f6glichkeit auf einen Kapitalbezug von maximal 100 Prozent des Altersguthabens. <br><strong>><\/strong> <a href=\"https:\/\/pksw.ch\/wp-content\/uploads\/2025\/02\/04_Formular_Kapitalbezug.pdf\">Formular<\/a> <br><strong>><\/strong> <a href=\"https:\/\/pksw.ch\/wp-content\/uploads\/2025\/03\/04_Merkblatt_Kapitalbezug_0325.pdf\" target=\"_blank\" rel=\"noreferrer noopener\">Merkblatt<\/a><\/p>\n\n\n\n<p><\/p>\n","protected":false},"excerpt":{"rendered":"<p>Ordentliche PensionierungVersicherte (M\u00e4nner wie Frauen) der Pensionskasse der Stadt Winterthur erreichen das ordentliche Pensionierungsalter mit 65. Eine vorzeitige Pensionierung ist ab Alter [&hellip;]<\/p>\n","protected":false},"author":1,"featured_media":0,"parent":0,"menu_order":0,"comment_status":"closed","ping_status":"closed","template":"","meta":{"_acf_changed":false,"footnotes":""},"class_list":["post-345","page","type-page","status-publish","hentry"],"acf":[],"featured_image_urls_v2":{"full":"","thumbnail":"","medium":"","medium_large":"","large":"","1536x1536":"","2048x2048":"","small-thumbnail":"","square-thumbnail":"","banner-image":"","mailpoet_newsletter_max":""},"post_excerpt_stackable_v2":"<p>Ordentliche PensionierungVersicherte (M\u00e4nner wie Frauen) der Pensionskasse der Stadt Winterthur erreichen das ordentliche Pensionierungsalter mit 65. Eine vorzeitige Pensionierung ist ab Alter 58 m\u00f6glich. > Formular > Merkblatt Vorzeitige PensionierungEine vorzeitige Pensionierung ist ab Alter 58 m\u00f6glich. Bei einer vorzeitigen Pensionierung k\u00f6nnen Sie eine \u00dcberbr\u00fcckungsrente beziehen, welche Ihnen maximal bis zum ordentlichen AHV-Rentenalter ausbezahlt wird. Die \u00dcberbr\u00fcckungsrente kann mittels Einkauf oder durch eine lebenslange K\u00fcrzung der ordentlichen Pensionskassenrente finanziert werden. F\u00fcr die st\u00e4dtische AHV-Ersatzrente gelten die personalrechtlichen Bestimmungen der Stadt. > Formular> MerkblattTeilpensionierung Die Pensionierung kann in maximal drei Schritten erfolgen. Der Pensionierungsgrad und der verbleibende Besch\u00e4ftigungsgrad m\u00fcssen je mindestens&hellip;<\/p>\n","category_list_v2":"","author_info_v2":{"name":"admin","url":"https:\/\/pksw.ch\/index.php\/author\/admin\/"},"comments_num_v2":"0 comments","_links":{"self":[{"href":"https:\/\/pksw.ch\/index.php\/wp-json\/wp\/v2\/pages\/345","targetHints":{"allow":["GET"]}}],"collection":[{"href":"https:\/\/pksw.ch\/index.php\/wp-json\/wp\/v2\/pages"}],"about":[{"href":"https:\/\/pksw.ch\/index.php\/wp-json\/wp\/v2\/types\/page"}],"author":[{"embeddable":true,"href":"https:\/\/pksw.ch\/index.php\/wp-json\/wp\/v2\/users\/1"}],"replies":[{"embeddable":true,"href":"https:\/\/pksw.ch\/index.php\/wp-json\/wp\/v2\/comments?post=345"}],"version-history":[{"count":42,"href":"https:\/\/pksw.ch\/index.php\/wp-json\/wp\/v2\/pages\/345\/revisions"}],"predecessor-version":[{"id":17333,"href":"https:\/\/pksw.ch\/index.php\/wp-json\/wp\/v2\/pages\/345\/revisions\/17333"}],"wp:attachment":[{"href":"https:\/\/pksw.ch\/index.php\/wp-json\/wp\/v2\/media?parent=345"}],"curies":[{"name":"wp","href":"https:\/\/api.w.org\/{rel}","templated":true}]}}