{"id":462,"date":"2019-11-15T13:44:31","date_gmt":"2019-11-15T13:44:31","guid":{"rendered":"https:\/\/pksw.ch\/?page_id=462"},"modified":"2021-01-20T10:29:49","modified_gmt":"2021-01-20T10:29:49","slug":"rentenbescheinigung","status":"publish","type":"page","link":"https:\/\/pksw.ch\/index.php\/rentenbescheinigung\/","title":{"rendered":"Rentenbescheinigung"},"content":{"rendered":"\n<p>Die Bescheinigung f\u00fcr die Steuererkl\u00e4rung erhalten sie jeweils bis Ende Januar per Post. <br>Bitte kontaktieren Sie uns telefonisch, wenn Sie Fragen dazu haben oder den Ausweis nochmals ben\u00f6tigen. <\/p>\n\n\n\n<p>F\u00fcr dieses Anliegen stehen wir Ihnen telefonisch 052 208 92 20 oder via <a href=\"https:\/\/pksw.ch\/index.php\/kontaktformular\/\" data-type=\"page\" data-id=\"617\">Kontaktformular<\/a> zur Verf\u00fcgung. Unser Team hilft Ihnen gerne weiter. <\/p>\n","protected":false},"excerpt":{"rendered":"<p>Die Bescheinigung f\u00fcr die Steuererkl\u00e4rung erhalten sie jeweils bis Ende Januar per Post. Bitte kontaktieren Sie uns telefonisch, wenn Sie Fragen dazu [&hellip;]<\/p>\n","protected":false},"author":1,"featured_media":0,"parent":0,"menu_order":0,"comment_status":"closed","ping_status":"closed","template":"","meta":{"_acf_changed":false,"footnotes":""},"class_list":["post-462","page","type-page","status-publish","hentry"],"acf":[],"featured_image_urls_v2":{"full":"","thumbnail":"","medium":"","medium_large":"","large":"","1536x1536":"","2048x2048":"","small-thumbnail":"","square-thumbnail":"","banner-image":"","mailpoet_newsletter_max":""},"post_excerpt_stackable_v2":"<p>Die Bescheinigung f\u00fcr die Steuererkl\u00e4rung erhalten sie jeweils bis Ende Januar per Post. Bitte kontaktieren Sie uns telefonisch, wenn Sie Fragen dazu haben oder den Ausweis nochmals ben\u00f6tigen. F\u00fcr dieses Anliegen stehen wir Ihnen telefonisch 052 208 92 20 oder via Kontaktformular zur Verf\u00fcgung. Unser Team hilft Ihnen gerne weiter.<\/p>\n","category_list_v2":"","author_info_v2":{"name":"admin","url":"https:\/\/pksw.ch\/index.php\/author\/admin\/"},"comments_num_v2":"0 comments","_links":{"self":[{"href":"https:\/\/pksw.ch\/index.php\/wp-json\/wp\/v2\/pages\/462","targetHints":{"allow":["GET"]}}],"collection":[{"href":"https:\/\/pksw.ch\/index.php\/wp-json\/wp\/v2\/pages"}],"about":[{"href":"https:\/\/pksw.ch\/index.php\/wp-json\/wp\/v2\/types\/page"}],"author":[{"embeddable":true,"href":"https:\/\/pksw.ch\/index.php\/wp-json\/wp\/v2\/users\/1"}],"replies":[{"embeddable":true,"href":"https:\/\/pksw.ch\/index.php\/wp-json\/wp\/v2\/comments?post=462"}],"version-history":[{"count":3,"href":"https:\/\/pksw.ch\/index.php\/wp-json\/wp\/v2\/pages\/462\/revisions"}],"predecessor-version":[{"id":1143,"href":"https:\/\/pksw.ch\/index.php\/wp-json\/wp\/v2\/pages\/462\/revisions\/1143"}],"wp:attachment":[{"href":"https:\/\/pksw.ch\/index.php\/wp-json\/wp\/v2\/media?parent=462"}],"curies":[{"name":"wp","href":"https:\/\/api.w.org\/{rel}","templated":true}]}}