{"id":581,"date":"2019-11-21T14:28:56","date_gmt":"2019-11-21T14:28:56","guid":{"rendered":"https:\/\/pksw.ch\/?page_id=581"},"modified":"2026-03-19T14:07:21","modified_gmt":"2026-03-19T14:07:21","slug":"formulare-2","status":"publish","type":"page","link":"https:\/\/pksw.ch\/index.php\/formulare-2\/","title":{"rendered":"Formulare &#038; Merkbl\u00e4tter"},"content":{"rendered":"\n<p><strong><span style=\"color: #000000;\" class=\"stk-highlight\">Eintritt &amp; Informationen zur Pensionskasse<\/span><\/strong><br><strong>&gt;<\/strong> <a href=\"https:\/\/pksw.ch\/wp-content\/uploads\/2023\/01\/Eintrittsbrief_Pensionskasse_2023.pdf\" target=\"_blank\" rel=\"noreferrer noopener\">Begr\u00fcssungsschreiben<\/a><br><strong>&gt;<\/strong> <a href=\"https:\/\/pksw.ch\/wp-content\/uploads\/2025\/01\/13_Merkblatt_Wissen_Berufliche_Vorsorge.pdf\" target=\"_blank\" rel=\"noreferrer noopener\">\u00dcber die berufliche Vorsorge<\/a> ab 01.01.2025<br><strong>&gt;<\/strong> <a href=\"https:\/\/pksw.ch\/wp-content\/uploads\/2025\/01\/PKSW_Eintritt_FZL_QR_v2.pdf\" target=\"_blank\" rel=\"noreferrer noopener\">Einzahlungsschein FZL-\u00dcbertrag<\/a> <\/p>\n\n\n\n<p><strong><span style=\"color: #000000;\" class=\"stk-highlight\">Musterausweis &amp; Lesehilfe<\/span><\/strong><br><strong>><\/strong> <a href=\"https:\/\/pksw.ch\/wp-content\/uploads\/2026\/03\/Musterausweis_2026.pdf\" target=\"_blank\" rel=\"noreferrer noopener\">Vorsorgeausweis<\/a> (Muster) <br><strong>><\/strong> <a href=\"https:\/\/pksw.ch\/wp-content\/uploads\/2026\/03\/Lesehilfe_zum_Musterausweis_2026.pdf\" target=\"_blank\" rel=\"noreferrer noopener\">Lesehilfe zum Vorsorgeausweis<\/a><\/p>\n\n\n\n<p><strong><span style=\"color: #000000;\" class=\"ugb-highlight\">\u00c4nderungen<\/span><\/strong> <br><strong>&gt;<\/strong> <a rel=\"noreferrer noopener\" href=\"https:\/\/pksw.ch\/wp-content\/uploads\/2020\/12\/11_formular_aenderungen_neu.pdf\" target=\"_blank\">Formular<\/a><br><br><strong><span style=\"color: #000000;\" class=\"ugb-highlight\">Lebensbescheinigung<\/span><\/strong> <br><strong>&gt;<\/strong> Formular <a rel=\"noreferrer noopener\" href=\"https:\/\/pksw.ch\/wp-content\/uploads\/2020\/12\/05_DE_formular_lebensbescheinigung_neu.pdf\" target=\"_blank\">Deutsch<\/a> <br><strong>&gt;<\/strong> Formular <a rel=\"noreferrer noopener\" href=\"https:\/\/pksw.ch\/wp-content\/uploads\/2020\/12\/05_GB_formular_lebensbescheinigung_neu.pdf\" target=\"_blank\">Englisch<\/a><br><br><strong><span style=\"color: #000000;\" class=\"ugb-highlight\">Wohneigentumsf\u00f6rderung <\/span><\/strong><br><strong>&gt;<\/strong> <a rel=\"noreferrer noopener\" href=\"https:\/\/pksw.ch\/wp-content\/uploads\/2022\/06\/08_Formular_Wohneigentumsfoerderung.pdf\" target=\"_blank\">Formular<\/a> <br><strong>&gt;<\/strong> <a rel=\"noreferrer noopener\" href=\"https:\/\/pksw.ch\/wp-content\/uploads\/2020\/12\/08_merkblatt_wohneigentumsfoerderung_neu.pdf\" target=\"_blank\">Merkblatt<\/a><br><br><strong><span style=\"color: #000000;\" class=\"ugb-highlight\">Einkauf<\/span><\/strong><br><strong>&gt;<\/strong> <a rel=\"noreferrer noopener\" href=\"https:\/\/pksw.ch\/wp-content\/uploads\/2020\/12\/12_formular_einkauf_neu.pdf\" target=\"_blank\">Formular<\/a> <br><br><strong><span style=\"color: #000000;\" class=\"ugb-highlight\">Lebenspartnerschaft<\/span><\/strong><br><strong>&gt;<\/strong> <a rel=\"noreferrer noopener\" href=\"https:\/\/pksw.ch\/wp-content\/uploads\/2021\/07\/06_Formular_Lebenspartner.pdf\" target=\"_blank\">Formular<\/a> <br><strong>&gt;<\/strong> <a href=\"https:\/\/pksw.ch\/wp-content\/uploads\/2023\/04\/06_Merkblatt_Lebenspartner.pdf\" target=\"_blank\" rel=\"noreferrer noopener\">Merkblatt<\/a><\/p>\n\n\n\n<p><strong><span style=\"color: #000000;\" class=\"ugb-highlight\">Austritt<\/span><\/strong><br>Ihr Austritt wird uns direkt von Ihrem Arbeitgeber gemeldet. Von uns erhalten Sie anschliessend folgende Dokumente: <br><strong>&gt;<\/strong> <a href=\"https:\/\/pksw.ch\/wp-content\/uploads\/2020\/12\/07_formular_austritt_neu.pdf\" target=\"_blank\" rel=\"noreferrer noopener\">Austritt<\/a> (Formular) <br><strong>&gt;<\/strong> <a href=\"https:\/\/pksw.ch\/wp-content\/uploads\/2020\/12\/07_merkblatt_austritt_neu.pdf\" target=\"_blank\" rel=\"noreferrer noopener\">Austritt<\/a> (Merkblatt)<\/p>\n\n\n\n<p><strong><span style=\"color: #000000;\" class=\"stk-highlight\">Freiwillige Weiterversicherung<\/span><\/strong><br><strong>&gt;<\/strong> <a rel=\"noreferrer noopener\" href=\"https:\/\/pksw.ch\/wp-content\/uploads\/2021\/10\/14_Merkblatt_Freiwillige_Weiterversicherung.pdf\" target=\"_blank\">Merkblat<\/a><a href=\"https:\/\/pksw.ch\/wp-content\/uploads\/2021\/10\/14_Merkblatt_Freiwillige_Weiterversicherung.pdf\" target=\"_blank\" rel=\"noreferrer noopener\">t<\/a><\/p>\n\n\n\n<p><strong><span style=\"color: #000000;\" class=\"ugb-highlight\">Pensionierung<\/span><\/strong><br>Die Formulare f\u00fcr eine Pensionierung oder einen Kapitalbezug finden Sie <a href=\"https:\/\/pksw.ch\/index.php\/pensionierung\/\">hier<\/a>. <\/p>\n\n\n\n<p>Sie finden das gew\u00fcnschte Formular nicht? Bitte nehmen Sie mit uns <a href=\"https:\/\/pksw.ch\/index.php\/kontakt\/\">Kontakt<\/a> auf. <\/p>\n","protected":false},"excerpt":{"rendered":"<p>Eintritt &amp; Informationen zur Pensionskasse&gt; Begr\u00fcssungsschreiben&gt; \u00dcber die berufliche Vorsorge ab 01.01.2025&gt; Einzahlungsschein FZL-\u00dcbertrag Musterausweis &amp; Lesehilfe> Vorsorgeausweis (Muster) > Lesehilfe zum [&hellip;]<\/p>\n","protected":false},"author":1,"featured_media":0,"parent":0,"menu_order":0,"comment_status":"closed","ping_status":"closed","template":"","meta":{"_acf_changed":false,"footnotes":""},"class_list":["post-581","page","type-page","status-publish","hentry"],"acf":[],"featured_image_urls_v2":{"full":"","thumbnail":"","medium":"","medium_large":"","large":"","1536x1536":"","2048x2048":"","small-thumbnail":"","square-thumbnail":"","banner-image":"","mailpoet_newsletter_max":""},"post_excerpt_stackable_v2":"<p>Eintritt &amp; Informationen zur Pensionskasse&gt; Begr\u00fcssungsschreiben&gt; \u00dcber die berufliche Vorsorge ab 01.01.2025&gt; Einzahlungsschein FZL-\u00dcbertrag Musterausweis &amp; Lesehilfe> Vorsorgeausweis (Muster) > Lesehilfe zum Vorsorgeausweis \u00c4nderungen &gt; FormularLebensbescheinigung &gt; Formular Deutsch &gt; Formular EnglischWohneigentumsf\u00f6rderung &gt; Formular &gt; MerkblattEinkauf&gt; Formular Lebenspartnerschaft&gt; Formular &gt; Merkblatt AustrittIhr Austritt wird uns direkt von Ihrem Arbeitgeber gemeldet. Von uns erhalten Sie anschliessend folgende Dokumente: &gt; Austritt (Formular) &gt; Austritt (Merkblatt) Freiwillige Weiterversicherung&gt; Merkblatt PensionierungDie Formulare f\u00fcr eine Pensionierung oder einen Kapitalbezug finden Sie hier. Sie finden das gew\u00fcnschte Formular nicht? Bitte nehmen Sie mit uns Kontakt auf.<\/p>\n","category_list_v2":"","author_info_v2":{"name":"admin","url":"https:\/\/pksw.ch\/index.php\/author\/admin\/"},"comments_num_v2":"0 comments","_links":{"self":[{"href":"https:\/\/pksw.ch\/index.php\/wp-json\/wp\/v2\/pages\/581","targetHints":{"allow":["GET"]}}],"collection":[{"href":"https:\/\/pksw.ch\/index.php\/wp-json\/wp\/v2\/pages"}],"about":[{"href":"https:\/\/pksw.ch\/index.php\/wp-json\/wp\/v2\/types\/page"}],"author":[{"embeddable":true,"href":"https:\/\/pksw.ch\/index.php\/wp-json\/wp\/v2\/users\/1"}],"replies":[{"embeddable":true,"href":"https:\/\/pksw.ch\/index.php\/wp-json\/wp\/v2\/comments?post=581"}],"version-history":[{"count":79,"href":"https:\/\/pksw.ch\/index.php\/wp-json\/wp\/v2\/pages\/581\/revisions"}],"predecessor-version":[{"id":17749,"href":"https:\/\/pksw.ch\/index.php\/wp-json\/wp\/v2\/pages\/581\/revisions\/17749"}],"wp:attachment":[{"href":"https:\/\/pksw.ch\/index.php\/wp-json\/wp\/v2\/media?parent=581"}],"curies":[{"name":"wp","href":"https:\/\/api.w.org\/{rel}","templated":true}]}}