{"id":870,"date":"2020-12-16T09:07:54","date_gmt":"2020-12-16T09:07:54","guid":{"rendered":"https:\/\/pksw.ch\/?page_id=870"},"modified":"2022-05-24T14:45:04","modified_gmt":"2022-05-24T14:45:04","slug":"stimmrechtsausubung","status":"publish","type":"page","link":"https:\/\/pksw.ch\/index.php\/stimmrechtsausubung\/","title":{"rendered":"Stimmrechtsaus\u00fcbung"},"content":{"rendered":"\n<p>In \u00dcbereinstimmung mit Art. 24 des Anlagereglements wird die Stimmrechtsaus\u00fcbung bei direkten Aktienanlagen in der Schweiz gem\u00e4ss Stimmempfehlungen von Ethos oder einem anderen Berater umgesetzt. Bei indirekten Anlagen setzt sich die Pensionskasse bei den Managern daf\u00fcr ein, dass ihre Stimmrechtsaus\u00fcbung die ESG Standards ber\u00fccksichtigt. Folgende Links f\u00fchren zur Abstimmungspolitik der Aktienmanager der PKSW: <\/p>\n\n\n\n<p><a href=\"https:\/\/vds.issgovernance.com\/vds\/#\/NDQx\/FundFamily=825\" target=\"_blank\" rel=\"noreferrer noopener\">UBS<\/a><br><a rel=\"noreferrer noopener\" href=\"https:\/\/vds.issgovernance.com\/vds\/#\/NDI0NQ==\/\" target=\"_blank\">ZKB<\/a><\/p>\n","protected":false},"excerpt":{"rendered":"<p>In \u00dcbereinstimmung mit Art. 24 des Anlagereglements wird die Stimmrechtsaus\u00fcbung bei direkten Aktienanlagen in der Schweiz gem\u00e4ss Stimmempfehlungen von Ethos oder einem [&hellip;]<\/p>\n","protected":false},"author":3,"featured_media":0,"parent":0,"menu_order":0,"comment_status":"closed","ping_status":"closed","template":"","meta":{"_acf_changed":false,"footnotes":""},"class_list":["post-870","page","type-page","status-publish","hentry"],"acf":[],"featured_image_urls_v2":{"full":"","thumbnail":"","medium":"","medium_large":"","large":"","1536x1536":"","2048x2048":"","small-thumbnail":"","square-thumbnail":"","banner-image":"","mailpoet_newsletter_max":""},"post_excerpt_stackable_v2":"<p>In \u00dcbereinstimmung mit Art. 24 des Anlagereglements wird die Stimmrechtsaus\u00fcbung bei direkten Aktienanlagen in der Schweiz gem\u00e4ss Stimmempfehlungen von Ethos oder einem anderen Berater umgesetzt. Bei indirekten Anlagen setzt sich die Pensionskasse bei den Managern daf\u00fcr ein, dass ihre Stimmrechtsaus\u00fcbung die ESG Standards ber\u00fccksichtigt. Folgende Links f\u00fchren zur Abstimmungspolitik der Aktienmanager der PKSW: UBSZKB<\/p>\n","category_list_v2":"","author_info_v2":{"name":"Seraina Bossi","url":"https:\/\/pksw.ch\/index.php\/author\/pksw\/"},"comments_num_v2":"0 comments","_links":{"self":[{"href":"https:\/\/pksw.ch\/index.php\/wp-json\/wp\/v2\/pages\/870","targetHints":{"allow":["GET"]}}],"collection":[{"href":"https:\/\/pksw.ch\/index.php\/wp-json\/wp\/v2\/pages"}],"about":[{"href":"https:\/\/pksw.ch\/index.php\/wp-json\/wp\/v2\/types\/page"}],"author":[{"embeddable":true,"href":"https:\/\/pksw.ch\/index.php\/wp-json\/wp\/v2\/users\/3"}],"replies":[{"embeddable":true,"href":"https:\/\/pksw.ch\/index.php\/wp-json\/wp\/v2\/comments?post=870"}],"version-history":[{"count":7,"href":"https:\/\/pksw.ch\/index.php\/wp-json\/wp\/v2\/pages\/870\/revisions"}],"predecessor-version":[{"id":2157,"href":"https:\/\/pksw.ch\/index.php\/wp-json\/wp\/v2\/pages\/870\/revisions\/2157"}],"wp:attachment":[{"href":"https:\/\/pksw.ch\/index.php\/wp-json\/wp\/v2\/media?parent=870"}],"curies":[{"name":"wp","href":"https:\/\/api.w.org\/{rel}","templated":true}]}}